(-3). Suppose -m = -3*g + 543, -f*m - m = 0. What is the tens digit of g?
8
Let x = -21 + 20. Let u be 2*x - (-63 + 7). Suppose -c = 2*c - u. What is the units digit of c?
8
Suppose 0 = -4*x + 3*x + 3. Let v be (-12)/(-6) - 8/2. What is the units digit of 16*(x + -2) + v?
4
Suppose -l - 2*l + 6 = 0. Let x be (49/l)/((-5)/10). Let t = x - -82. What is the units digit of t?
3
Suppose 104*h - 3948 = 100*h. What is the units digit of h?
7
Let q be 3/(-4) + (-180)/(-48). Suppose -2*c + 20 = -2*o, -4*c = -q*o - 19 - 23. What is the tens digit of c?
1
Suppose 0 = -q + x - 3*x + 3, 2*q + 3*x - 6 = 0. Suppose 3*y - 494 = 2*a, -q*a + 15 = -0*a. What is the tens digit of y?
6
Let s(c) = -c**2 - 6*c + 9. Let v be s(-7). Suppose v*j - 44 + 18 = 0. What is the tens digit of j?
1
Let j(z) = 6*z**2 + 29*z - 51. What is the tens digit of j(-26)?
5
Suppose -2*n + 131 = 2*n + d, 4*d = n - 54. Suppose 4*s - n = 10. Suppose -g - 3 = -s. What is the units digit of g?
8
Let g = 26 + -53. Let k be (-9)/g - 38/6. Let c = k - -38. What is the tens digit of c?
3
Suppose 3*d - 11 = -5*q, 4 + 16 = 5*q. Let z = d - -6. Suppose s = 3 + z. What is the units digit of s?
6
Suppose 3*a - 504 = 11*a. Let s = 14 - a. What is the units digit of s?
7
Suppose -7*q + 17 - 3 = 0. Let i be 17/(-2) - 1/q. Let m = i + 58. What is the tens digit of m?
4
Let t(f) = 93*f + 193. What is the thousands digit of t(9)?
1
What is the hundreds digit of (0 + (-552)/28)/(1/(-21))?
4
Suppose 4*r - 144 = -j, -5*j - 2*r + 276 = -3*j. Let m = -9 + j. What is the hundreds digit of m?
1
Let v = 200 + 91. What is the units digit of v?
1
Let d(t) = -31*t**3 - 2*t**2 - 3*t - 2. Let y be d(-1). Suppose -6*h - y = -11*h. What is the units digit of h?
6
Suppose 0 = 8*a - 54 - 74. What is the units digit of a?
6
Suppose 0 = 40*j - 56*j + 13456. What is the units digit of j?
1
Let m = 4664 - 1743. What is the hundreds digit of m?
9
What is the tens digit of (46863/615)/((-3)/(-20))?
0
What is the hundreds digit of (-225)/12*-6*1768/39?
1
Suppose 4*i = 5*l + 2122, 5*i + 4*l + 96 = 2769. What is the units digit of i?
3
Suppose 724 = 18*y - 158. What is the tens digit of y?
4
Suppose -26*q + 34944 = 16*q. What is the hundreds digit of q?
8
Suppose -4*a - 5*d + 24 = 0, -2*a = -0*d - d + 2. Suppose -a - 19 = -4*m. Suppose m*g - 26 = 3*g. What is the units digit of g?
3
Suppose -145 - 15 = -4*c. What is the hundreds digit of c/10 - (-106 + 0)?
1
Let o(q) = -q**2 - 4*q - 14. Let l be o(-6). Let v = l + 170. What is the units digit of v?
4
Suppose 19*z - 2937 = 30*z. Let h = z - -392. What is the tens digit of h?
2
Let s = 29 - 30. What is the tens digit of ((-4)/(-2))/s - -99?
9
Let x = 7 + -3. Suppose 0 = -x*m + 5*b - 2*b + 394, 408 = 4*m + 4*b. What is the hundreds digit of m?
1
Let i(p) = -32*p + 11 - 2 + 33*p. Let z be i(-7). What is the units digit of 2/z*(1 - 0)?
1
Let j(r) = -2*r**3 - 13*r**2 + 4*r + 3. Let u be j(-6). Let h = 83 - u. What is the tens digit of h?
4
Let w be -2 - -10*(-15)/6. Let h = -10 - w. Suppose -3*u - 109 = -4*a - h, -5*a + 2*u + 122 = 0. What is the tens digit of a?
2
Suppose -18 = h - 4*h. Suppose 0*y - h = -y. Suppose y - 12 = -z. What is the units digit of z?
6
Suppose 9*f - 60 = 4*f + q, -q + 36 = 3*f. Let j(k) = k**2 + 4 + 6*k + 7 - f*k. What is the units digit of j(6)?
1
Suppose -4*x - 14 = -3*u, -2*u - 7 + 23 = 4*x. Suppose -44 - 52 = -u*i. Suppose -2*a = -4*y - a, -4*a + i = 0. What is the units digit of y?
1
Let z(w) = -w**3 + 7*w**2 + 10*w - 5. Let b be z(8). Let j = b - 13. What is the tens digit of j - 1*(-15 - -2)?
1
Let y = 2938 - 1403. What is the tens digit of y?
3
Suppose 3*t = 3*m - 0*m + 3, 4*m + 11 = -3*t. What is the tens digit of ((-521)/(-4) - t) + 18/(-72)?
3
Let c(b) = -b**3 + 9*b**2 + 4*b - 8. Let u be c(9). What is the hundreds digit of 1867/7 - (-1 - (-20)/u)?
2
Let k(h) = -h**2 + 5*h + 6. Let a be k(7). Let m(v) = v + 8. Let n be m(a). Suppose i + 0*i + 4*p - 6 = n, -i + 15 = -5*p. What is the tens digit of i?
1
Suppose 5*f - 2810 - 504 = v, -3330 = -5*f + 5*v. What is the tens digit of f?
6
Let b(u) = -4*u**2 - 8*u - 29. Let s(x) = 2*x**2 + 4*x + 14. Let v(p) = -3*b(p) - 5*s(p). What is the tens digit of v(5)?
8
Suppose 52026 = 43*a + 3*a. What is the tens digit of a?
3
What is the tens digit of (24/24)/(2/1642)?
2
Let f = 7 + -5. Suppose -3*q = p - 328, f*q - 4*p - 105 = q. What is the tens digit of q?
0
Let s(g) = 25*g**2 + 9*g + 2. What is the tens digit of s(6)?
5
Let o = 13 + 8. Let q = -26 + o. What is the tens digit of (-1304)/(-20) - (-1)/q?
6
Let n be -4 - -1 - (11 + -23). Suppose 255 = n*r - 6*r. What is the tens digit of r?
8
Suppose 3*o - 134 = -4*s, -2*o - 3*o = 5*s - 220. Suppose -k + o = -2*y - 53, 0 = -3*k + 4*y + 283. What is the units digit of k?
3
Suppose 3740 = 4*y - 2*b - 3114, 0 = -y - 5*b + 1708. What is the hundreds digit of y?
7
Let q be (42 + 4 - 3) + 2. Suppose 0 = 4*w - q - 27. What is the units digit of w?
8
Suppose -7*y - 2*l = -6*y + 39, 2*l = -2*y - 72. Let i = 209 + y. What is the hundreds digit of i?
1
Let r(k) = k - 1. Let v(g) = 4*g - 1. Let l(j) = 5*r(j) - v(j). Suppose -d = 3*c - 4, 3*c = -3*d + 4 + 14. What is the units digit of l(d)?
3
Suppose 0 = 2*i - r - 35, -5*i = 8*r - 3*r - 95. Let s = 14 - i. What is the units digit of ((-19)/s)/((-7)/(-28))?
9
Let z(p) = -164*p + 359. What is the thousands digit of z(-5)?
1
What is the hundreds digit of ((-90)/(-12) + -8)/((-1)/5686)?
8
Let u(g) = -15*g - 18. Let n be u(-9). Let y = -66 + n. What is the units digit of y?
1
Let a = -21 - -26. Suppose 3*s = 4*b - 92, 3*b + 5 = a*s + 63. What is the units digit of b?
6
Let q = 139 - 492. What is the tens digit of (-8)/64 - q/8?
4
Suppose 0 = -4*i - 4*i + 504. Suppose -4*o + 3*f + 231 = 2*f, -2*f - 6 = 0. Suppose i = 5*y - o. What is the units digit of y?
4
Let x be 4/(-32)*14*-4. Suppose -11 = -2*u - w, 0 = 3*w - x*w + 12. Suppose -u*c = 3 - 15. What is the units digit of c?
3
Let d(m) = -49*m - 7. Let k(o) = 50*o + 8. Let v(g) = 5*d(g) + 4*k(g). What is the units digit of v(-4)?
7
Suppose 3*r + 1 = 16. Suppose 0 = r*o - 121 + 41. What is the tens digit of o?
1
Let k = -105 + 169. Let y be 253 - 2*2/(-4). Suppose -5*s + y = k. What is the units digit of s?
8
What is the tens digit of (71 - -1)/(27/288)?
6
Let c(t) = 16*t**3 + 19*t**3 - 42*t**3 + 22 + 8*t**3 + 11*t**2 - 11*t. What is the units digit of c(-10)?
2
Suppose 4301 = -34*f + 55607. What is the thousands digit of f?
1
Let z be 84/(-4)*-2 - -1. Let r(g) = -g**3 + 11*g**2 - 2*g - 1. Let n be r(11). Let t = z + n. What is the units digit of t?
0
What is the tens digit of (-32224)/(-88) - 1/(33/6)?
6
Let t(o) = -15 - 3*o**2 + 5*o**3 - 6*o**3 - 8*o**2 + 11*o - o. What is the units digit of t(-12)?
9
What is the units digit of 39/(-9) - -4 - (-2730)/9?
3
Let i = -3407 - -5029. What is the units digit of i?
2
Let v(q) = 2*q - 2. Let f be v(9). Suppose 0 = -4*t + f. Suppose -57 = -4*i - 0*s + 3*s, -t*i - 2*s + 82 = 0. What is the units digit of i?
8
Let u(v) = -v**3 - 2*v + 1. Suppose 5*m - 3*m = 0. Suppose -5*f - g = -m*g - 5, 5*f = -3*g + 15. What is the units digit of u(f)?
1
Suppose -1 = u, -2*u = 4*s - 47 - 1055. Suppose 4*p - a - s = 0, -3*p - 3*a = -100 - 107. What is the tens digit of p?
6
Let q(g) = -2*g + 3. Let n be q(3). What is the tens digit of (n - -85)*6/12?
4
Let v(z) = -11*z + 30*z - z**2 - 8*z - 10. Let f be v(9). Let o(d) = 5*d - 9. What is the units digit of o(f)?
1
Let i(m) = -2*m**2 - 6*m + 2. Let u be i(4). Let a be 4 + -3 - u/(-3). Let v = a + 29. What is the tens digit of v?
1
Suppose -2*q = -3*o - 6*q + 16, -5*q = -3*o + 7. Let j be o - (6 - (5 - 4)). What is the units digit of j/6 + (-790)/(-60)?
3
Suppose -365 = 2*o + 3*o. Let b = -26 - o. What is the units digit of b?
7
Let a(h) = -4*h - 1. Suppose 0 = 2*f + f + 12. What is the units digit of a(f)?
5
Let s(l) = 2*l**2 - 2*l + 14. Let a be s(-16). Suppose a = q + 8*q. What is the units digit of q?
2
Suppose -69*o = -68*o - 60. Suppose -o = -n - 2. What is the units digit of n?
8
Suppose -x - 500 = -6*x - 5*d, d + 300 = 3*x. Let w = x - 61. What is the tens digit of w?
3
Let a(h) = 3 - 25 + 11*h + 7 + 8. What is the units digit of a(8)?
1
Let m = -8 - -10. Suppose 3*k = -m*k + 600. Suppose q = -3*q + 